uppose h - 33 = -n - 2*n, -n + 3*h + a = 0. What is the remainder when (-21)/(-2)*(-2 + 4) is divided by n?
9
Let i(g) = g**2 - g - 3. Suppose -47*d + d = -3818. Calculate the remainder when d is divided by i(5).
15
Let c be 5 + -5 + (0 - (1 + -3)). What is the remainder when 118 is divided by c/(256/124 + -2) + -1?
28
Calculate the remainder when 49 is divided by (1 - -1)*(15 + -1).
21
What is the remainder when ((-6)/6)/((-2)/(6 - -130)) is divided by 20?
8
Let r be (-24)/(-5) + -5 + (-332)/(-10). What is the remainder when 55/18*r + 1/6 is divided by 35?
31
Let a(d) = 5*d - 2. Let v be a(1). Suppose 0 = -5*r + 5*q + 100, 5*q = -v*r + 54 + 6. Calculate the remainder when 56 is divided by r.
16
What is the remainder when 23 + (5 + -3 - 2/(-2)) is divided by 23?
3
Suppose a = -4*y + 6*y - 21, -54 = -3*y - 3*a. What is the remainder when 310 is divided by y?
11
Let b be 3 + 79 - (-2 + 6). Suppose -5*k = -2*k - b. What is the remainder when k is divided by (-2 + -1)*3/(-1)?
8
Suppose 36 - 44 = -r. What is the remainder when 51 is divided by r?
3
Let f(s) = 17*s**3 - 2*s**2. Suppose -4*j + i + 5 = -0*i, -i = 2*j - 1. Calculate the remainder when 71 is divided by f(j).
11
Let f(m) be the first derivative of -m**2/2 - 4*m - 2. Let j be f(-6). What is the remainder when -5 + 8 + (j - -76) is divided by 28?
25
Suppose 2*w + 63 = 377. Let s(l) = l**3 + 30*l**2 + 128*l + 128. What is the remainder when w is divided by s(-25)?
51
Suppose -3*q - 20 = -2*y, -3*y = -2*y + q. Let j be 15/y*4/3. Suppose -137 - 12 = -3*i - j*a, -3*a = 3*i - 153. What is the remainder when i is divided by 14?
11
Let p(h) = h**2 + 3*h - 11. Let f = 88 - 58. Let i = f - 10. Calculate the remainder when i is divided by p(-6).
6
Let n = 32 + -13. Let h = 31 - n. Suppose h = 4*s - 20. What is the remainder when s is divided by 5?
3
Let n = -393 - -478. Calculate the remainder when n is divided by 16.
5
Suppose 0*q + 3*q - 621 = 0. Calculate the remainder when q is divided by 30.
27
Suppose -4*v = -10 - 2. Suppose 4*p + 29 = v*q, -p - p + 31 = 5*q. What is the remainder when 7 is divided by q?
0
Let m be (-2)/13 + 0 + 456/(-78). Let y(q) = -1 + 2 + 6 + 4 - 5*q. Calculate the remainder when y(m) is divided by 7.
6
Let v(g) = -g**3 - 14*g**2 - 13*g + 8. Let r be v(-13). Suppose r*y - 11 = 7*y. What is the remainder when 52 is divided by y?
8
Let q(f) = 3*f + 8. Let p be 8/((-1 - -3)/2). What is the remainder when q(p) is divided by 17?
15
Suppose i + 3*l + l + 187 = 0, 5*i = -5*l - 950. Let d = -135 - i. Suppose -2*o + d = 2*o. Calculate the remainder when 23 is divided by o.
9
Suppose -9*j + 79 + 164 = 0. Let c be 164/(-16) + 1/4. Let u = j + c. Calculate the remainder when 31 is divided by u.
14
Let v = -22 - -25. Let c = v - -25. What is the remainder when c is divided by 6?
4
Let p(m) = 2*m - 7. Let k be 0/(3 - -3 - 4). Let h be p(k). Let b(s) = -s**2 - 8*s + 2. What is the remainder when 25 is divided by b(h)?
7
Calculate the remainder when 99 is divided by (2/(-5))/((-160)/26800).
32
Suppose -2*v = -m - 76 + 29, 4*v = 5*m + 97. Calculate the remainder when v is divided by (-14)/119 - (-138)/17.
7
Let l(f) = 100*f**2 + 10*f + 7. What is the remainder when 676 is divided by l(-1)?
94
Suppose 0 = 6*x - 2*x + 28. Let a = 4 + x. What is the remainder when 23 is divided by a/2*16/(-3)?
7
Let h be 2/(-9) + (-38)/(-9). Suppose h*k - 2 = 3*k. Suppose -4*f - 3*s + 38 = 0, -4*f + 38 = 2*s - k. What is the remainder when 52 is divided by f?
8
Suppose -2*j - j = -3. What is the remainder when 67 is divided by ((-35)/28)/((-27)/24 + j)?
7
Let w = 5535 + -5513. What is the remainder when -20*((-47)/4 - -2) is divided by w?
19
What is the remainder when 135 is divided by (1 - 220/(-5)) + 1?
43
Let w = -68 - -68. Let i(h) = h**2 + 51. Calculate the remainder when i(0) is divided by (-4)/(-12)*(84 - 3 - w).
24
Let q(a) = -a**3 + 3*a**2 + 7*a + 5. Calculate the remainder when q(-2) is divided by 5.
1
Let n(w) = 6*w - 5. Suppose -53 = -3*g + 4*b, 3*b - 4*b + 39 = 4*g. Let s = -8 + g. Calculate the remainder when n(s) is divided by 8.
5
Let p(a) = 8*a - 86. Calculate the remainder when p(18) is divided by 10.
8
Suppose -3*i - i + 16 = -4*z, 8 = 2*i + 4*z. Calculate the remainder when 20 is divided by i.
0
Let w(a) be the second derivative of a**4/12 + 4*a**3/3 + 3*a**2/2 - 5*a. Let g be w(-4). Let k = g + 22. What is the remainder when k is divided by 5?
4
Suppose 20 = 5*y - y. Suppose 185 = y*i - 40. Suppose 0 = d - 2*d + 12. What is the remainder when i is divided by d?
9
Let b = -3924 - -4030. Suppose -5*z + 15 = -120. Calculate the remainder when b is divided by z.
25
Let u(n) = -77*n - 129. Calculate the remainder when u(-17) is divided by 91.
88
Let w(v) = -4*v + 4 + 0*v**2 - 9*v**2 + 0*v - 4*v - v**3. What is the remainder when 12 is divided by w(-8)?
0
Let p = 800 - 775. Calculate the remainder when p is divided by 23.
2
Let h(l) = -l**2 + 20*l + 1. What is the remainder when h(7) is divided by 24?
20
Suppose -740 = -2*p + 4*x, -2*x - 314 - 1528 = -5*p. Suppose -b + p = 7*b. What is the remainder when b is divided by 12?
10
Let c = 216 - 227. Let h(w) = -10*w - 9*w**2 - 6 - w**3 + 3 + 1 + 25*w. Calculate the remainder when h(c) is divided by 26.
23
Let a = 251 - 204. Let d(c) = -c**3 + c**2 + 6*c - 2. Calculate the remainder when a is divided by d(-3).
15
Suppose 25 - 93 = -17*j. Calculate the remainder when 126 is divided by j.
2
Suppose 2*b = -3*b + 50. Suppose -8*q + 2*q = -24. What is the remainder when q/b - 965/(-25) is divided by 11?
6
Let k(q) = 15*q**3 - 7*q**2 + 3*q + 1. What is the remainder when 45 is divided by k(1)?
9
Suppose 0 = 13*g - 412 + 152. What is the remainder when 57 is divided by g?
17
Let q(y) be the second derivative of y**4/12 + y**3/2 + 2*y. Let f be q(-3). What is the remainder when 41*(f + 1 + 0) is divided by 22?
19
What is the remainder when 96 is divided by (-7 - -199)/4 + 4/(-1)?
8
Suppose y + 2*y - 12 = 0. Suppose -h + 245 = y*h. What is the remainder when h is divided by 13?
10
Suppose 4*t - 16 = -2*i, -2*i + 0*t + 48 = -4*t. What is the remainder when i is divided by 8?
0
Suppose -166 = -14*f + 310. Calculate the remainder when 474 is divided by f.
32
Suppose 303 = 10*r + 1813. Let h = -112 - r. Calculate the remainder when h is divided by 21.
18
Suppose 2*g = 5*g - 9. Suppose g = d - 0, -11 = -q + 3*d. Calculate the remainder when q is divided by 7.
6
Let v(p) = -2*p**2 + p - 12. Let a be v(0). Let i = 20 + a. Calculate the remainder when 69 is divided by 6/(-12)*-3*i.
9
Let j(o) = o**2 + 10*o + 16. Let l be j(-8). Let g = l - -16. Suppose 138 = 2*m + m. Calculate the remainder when m is divided by g.
14
Let d(c) = 18*c + 7. Let v(g) = g**3 + 11*g**2 + 11*g + 11. Let k be v(-10). Suppose 0 = -s + 2*s - 7. Calculate the remainder when d(k) is divided by s.
4
Suppose 0 = 2*y + 10, -3*y = -p - 0*y + 23. Suppose 0*l = 7*l + 14. Let s = p + l. Calculate the remainder when s is divided by 4.
2
Suppose 19*c - 1392 = 983. Calculate the remainder when c is divided by 37.
14
Suppose 6*z + 6*z - 9*z = 0. Suppose z = 5*h - 12*h + 126. Let w = 2 - -10. What is the remainder when h is divided by w?
6
Suppose -10 = 6*s - 40. Calculate the remainder when 66 is divided by s.
1
Suppose -35*j - 1229 + 16559 = 0. What is the remainder when j is divided by 55?
53
Let g be -5*(-2 + -1 - 25). Suppose b = 2*m - 2*b - 125, -3*m + g = 5*b. What is the remainder when m is divided by 14?
13
Suppose m - 59 = 2*p + 144, 5*m - 1021 = 4*p. Suppose -l + h + 85 = l, 5*l = h + m. Calculate the remainder when l is divided by 150/14 + 20/70.
7
Let v = 2009 + -1983. What is the remainder when 466 is divided by v?
24
Suppose 0 = -b + 2*r + 19, -6*b + 5*b + 24 = 3*r. What is the remainder when 33 is divided by b?
12
Let x(v) = -7*v - 3. Let w be x(3). Let c = 44 + w. Let m(l) = 77*l**2 - l + 1. What is the remainder when m(-1) is divided by c?
19
Let z(y) = -4*y - 9. Suppose -12*w = -4*w - 40. What is the remainder when -87*((-30)/9)/w is divided by z(-6)?
13
Let a(r) = -3*r. Let q(v) = -5*v + 1. Let n(l) = 13*a(l) - 6*q(l). Let c(d) = d**2 - 2*d - 4. What is the remainder when n(-7) is divided by c(6)?
17
Suppose 106 = -2*n + 3*n. Suppose -5*q = -3*q - n. Calculate the remainder when q 